 + -4)?
-58
Calculate (-74 - -81) + (28 - -6).
41
3 - ((12 - 6) + -8) - 15 - (12 - -63)
-85
What is the value of -8 + 21 + -48 + (6 - -118)?
89
What is the value of 13 + -39 - (-10 - (-2 + -6 - -8)) - -14?
-2
What is (-8 - -14 - 16) + -3 - -3 - -3?
-7
2 - (35 + -67 - -32) - -40
42
Evaluate 92 - (-66 + (172 - 34)).
20
What is the value of 7 + -71 - (2 + 6 + -8) - -13?
-51
Calculate (24 + -79 + 47 + (0 - 16) - -2) + -4.
-26
What is the value of ((51 - 11) + -19 - 17 - 7) + (-33 - 0)?
-36
What is the value of -75 + (-1 + -6 + 2 + -10 + 4 - 2)?
-88
What is the value of (147 - -1) + (7 - ((16 - (-12 + 18)) + 13))?
132
(-23 - -56) + -22 + 26
37
What is 0 - 4 - ((13 - 16) + 0 + 1 + 5)?
-7
Calculate (-10 - -3) + (-1 - -5 - -3 - (-50 + 65)).
-15
Evaluate 40 - (3 - -30 - -16) - (0 + -34).
25
Calculate -38 + (-3 - (-1 - (7 - 13) - 14)).
-32
What is the value of 2 + (40 - (3 - 3)) + -10 + -1 + 5?
36
What is -64 + 33 - -16 - -15 - (0 + 127)?
-127
What is the value of (-2 - (0 + -1)) + (82 - 272 - (-45 + 7))?
-153
What is 10 + (-68 - (-84 + 77 + (0 - -4)))?
-55
What is the value of (-26 + 16 - -9) + (-1 - 8) + -31?
-41
What is (-6 - -24 - 23) + 14 - (-6 - 59)?
74
What is -68 + 99 + -18 + (65 - -3)?
81
11 + -9 + -6 + 0 + (79 - 19) + 2
58
Calculate 25 + (32 - 52) - (-1 - -43).
-37
What is 15 - (-14 + -39 + 51 + 0 + 12)?
5
Calculate (1 - 14) + (131 - 45) + -42.
31
Calculate (-8 - (2 + 2 + -37)) + -28 + 15 + 98.
110
What is the value of -28 + (17 - 4 - -2) - -54?
41
Calculate (-79 - -70 - (-1 - -14)) + 12.
-10
-55 + (205 - -38) + -153
35
What is (89 - (7 - -16)) + -38?
28
What is the value of -26 + 41 + -64 - -101?
52
Evaluate (-89 - -183) + 28 + 34 + -32.
124
(-1727 - -1704) + 3 + -43
-63
What is 1 - (42 + (-32 - 32))?
23
What is the value of 7 + (23 + -32 - (11 + -5 - 33))?
25
Evaluate 28 + (21 - -12) - 25.
36
-68 - (-234 - -90) - (3 - 10)
83
-101 + -11 + 58 + 6
-48
Evaluate -43 - (-21 + 73 + -26).
-69
Calculate -59 + (-62 - -164) - -15.
58
What is 10 - 8 - ((10 - (13 - (65 - -4))) + -8)?
-56
134 + (-37 - (-8 - 0 - -7))
98
Evaluate -13 - (10 + -22) - (1 - (-4 + 7 + -6)).
-5
Calculate 0 - (19 + 0) - (4986 + -5001) - (10 - 1).
-13
(-40 - -9) + 17 + 7 + 0 + 13 + -100
-94
Evaluate -40 - (-3 + 0 + -10 - (28 - 28)).
-27
(221 - 213) + -40 + 4
-28
51 + (8 - 61) - -43
41
Evaluate 37 + (-1 - -8 - (44 + 24 + -75)).
51
Calculate 2042 + -2146 - (-1 + -201).
98
Evaluate 5 - 7 - (34 + 0 + -1 + -1).
-34
12 - (2 + -58) - ((0 - -5) + 9)
54
Calculate 18 + -29 + (16 - 14) + 18.
9
Evaluate 13 + -10 + 18 + 2 + 15.
38
What is the value of (-51 - -102) + 23 + -115?
-41
69 - (2751 - 2775 - (1 + 13))
107
Evaluate 93 - 0 - (229 - 216 - (32 + 2)).
114
Calculate 123 + -46 - (0 + 0 + -9 + 6).
80
What is the value of (-22 - (-22 + -9 + 16)) + 40?
33
What is the value of (7 - (-10 - -7) - 28) + (27 - 12) + -24?
-27
Evaluate 65 + (-10 - 0) + -9 - (-17 - -11).
52
Calculate -8 - (25 - (-7 + 8 + 3 - 10)).
-39
1 + 0 + (14 - 7) + -76 + 8688 + -8678
-58
7 + (186 - 168) + -1 + -37
-13
What is the value of 7 - (117 - 40) - -93?
23
Calculate (48 - 45) + 0 + 23 + 5 + -5.
26
Evaluate 8 + 32 + (11 - (-6 + (19 - -2))) - 8.
28
Calculate (81 - 3) + (-42 - (24 - 43)).
55
(3 - (14 - 0) - (256 - 257) - -11) + -44
-43
-9 + 0 + (-27 - -2) + 151 + -122
-5
316 - (116 - (157 + -201))
156
(83 + -33 - -12) + 24
86
Calculate (-46 - -138) + (-22 - (-3 - -1) - -3).
75
(7 - 14) + -118 - (7 + -6 + -21)
-105
What is the value of -19 + 16 + 27 - -7 - -24?
55
Calculate 4 - 6 - (80 - 130).
48
What is 8 + -7 + -11 + (6 - -4 - -51) - -7?
58
(-1 - -123) + (-21 + 160 - 130)
131
What is the value of -8 - ((28 + -7 + -3 + -8 - 2) + -73)?
57
What is -33 + (-11 + -1 - (-41 - -33))?
-37
-382 + 377 - (66 - 0 - (52 - 53))
-72
What is -129 + 51 + 37 - -23?
-18
Calculate -15 + 30 + 1 + -35 - (-6 - -100).
-113
What is -5 + (10 - -17) - (28 + 25 - 32)?
1
-77 - (2 + 2 + -5 - (401 + -387))
-62
Calculate 0 + 25 + 10 + -67 - -39.
7
What is -96 - -3 - (586 + -583)?
-96
What is (-31 + 28 + (-13 - 4) - -13) + 41?
34
(71 - -22 - 35) + -33
25
Calculate -48 - (-15 - -76) - -114.
5
What is -4 - (4 + (3 - -92) + -35)?
-68
-5 - (24 + 55 + -51 - (1 - 21))
-53
What is -16 - (-13 - 1 - (41 + -51) - -14)?
-26
What is the value of 4 - (-44 - (54 - 100))?
2
Evaluate -58 - (258 + -404) - ((2 - 2) + (-3 - -1)).
90
What is the value of -18 + (42 - (9 + 40))?
-25
(-8 - (2 + -15 + 9 - 7)) + 13
16
What is the value of 0 - 127 - (-9787 - -9726)?
-66
1 + -1 + (-77 - -103) + -6
20
-16 + 22 + (17 - 98) - 9
-84
118 - 69 - (-5 + 84)
-30
-3 + (10 - (7 - 5)) + -13 + -10 + -33
-51
What is -2 - (3 - 1) - (626 + -641 - (-10 - -2))?
3
7 - (32 - ((-13 - -39) + -15))
-14
What is the value of -4 + (-9 - (54 - (14 + -4))) + 7?
-50
Evaluate 11 - (2 + 19 + 6 + 2 + -11).
-7
Calculate -18 + 16 + 26 + -23 + -25.
-24
What is the value of -2 + (0 - (-39 + (3 - -14))) + (1 - -4)?
25
What is (-2 - -1) + -13 - (-48 + 1) - 14?
19
Evaluate 17 + (-7 - (-11 - -78)) - (11 + -21).
-47
(19 - -27) + (-18 - -9) - (-3 + -7) - -9
56
Calculate (-65 - 1 - (-9 - 1) - 21) + (0 - -11).
-66
Calculate (-1 - -7) + (-20 + -56 - -12).
-58
What is 53 - ((-93 - -78) + 81)?
-13
What is the value of 12 + 9 - 3 - 5?
13
What is the value of (-1 - 1) + 5 - (-4084 - -4062)?
25
Calculate 12 + (6 - 0) + 23 + -8.
33
Evaluate -61 + (-31 - (-1 + -31)).
-60
What is -27 + 71 - (-6 - (-16 + (6 - 2 - -5)))?
43
What is 14195 + -14194 - (-1 + -65)?
67
Evaluate -189 - -205 - (4 - (-1 + -5)).
6
Calculate (587 - 588) + (-3 - -1) - 3.
-6
-62 + 119 + -58 - 80
-81
Calculate 30 + 10 + -15 - (352 + -260).
-67
-13 + 5 + 2 - -130 - (-17 - (-2 - 15))
124
What is the value of 37 + (-28 - (36 + -1 + -3))?
-23
What is the value of (21 - -41 - (-10 + 2)) + 7 + -9 + -6?
62
Evaluate -7 + (-72 - -24) - -164.
109
(180 - 11 - 202) + (0 - -70)
37
(12 - (-6 + 27)) + 8 + -6 - (-4 - -3)
-6
What is (21 - 69) + 14 - -80?
46
What is the value of -144 + 6 - (-308 + 317)?
-147
Evaluate 0 - 55 - (2686 - 2717).
-24
-686 + 662 + -5 + 95 + -2
64
What is -23 + 53 + -33 - (33 + -8)?
-28
(425 + -133 - 128) + -46
118
Evaluate -10 + (-7 - -10 - 4) + 6 + -1.
-6
Calculate 64 - 23 - (13 - -25).
3
What is the value of -367 + 350 - ((-3 + 2 - 82) + 1)?
65
What is 1 + -49 - (-388 - -268 - -145)?
-73
Evaluate -55 - (43 + -51) - 7.
-54
-48 - ((-13 - (-19 + 8 - -5)) + -77 + 84)
-48
Evaluate 119 + -12 + -100 + 40 + 30.
77
Calculate (-41 + -40 - -29) + 1 + -2.
-53
Evaluate (2 - -22 - (1 + -3)) + (-3 - 8 - -3).
18
Calculate -8 + 0 + 5 + (19 - (5 - 6)).
17
Calculate 23 + -4 + -18 + 43 - 3.
41
What is the value of 19 + -3 - (-1 - -9 - (-21 - -14 - -5))?
6
What is the value of -23 - (10 + -33 + 15) - (5 - 28) - 102?
-94
12 + (63 - (100 - 22) - (3 + -31))
25
Evaluate 57 - ((57 - 84) + 108).
-24
What is the value of -38 + 2 - (25 - 38) - -60?
37
Evaluate (32 + -37 - -1) + -18 + -48.
-70
Evaluate -10 + 2 + (-35 - -36) + -48 - (-19 + 10).
-46
What is (202 - 16) + -59 - 65?
62
What is the value of ((7 - -1) + -26 - -32) + (1 - (-128 - 1))?
144
Calculate 9 + -75 + 95 - -17.
46
Evaluate -136 - (-36 - (7 - -4) - -35).
-124
Calculate -16 - -12 - (-15 + -1 + (-188 - -252)).
-52
Evaluate -6 + 18 + (-8 - ((32 - 8) + 12)).
-32
Evaluate (-61 - (0 + 2) - 1) + -2740 + 2752.
-52
What is the value of (23 - 3) + -19 + 36 - (3 + 3 + -16)?
47
Evaluate -21 - -7 - ((-3 - -33) + -30) - 12.
-26
-13 - (-34 - -2 - -30)
-11
Calculate 22 + (2 - (-40 - -51)) + (0 - -3).
16
What is (-22 - -48 - 16) + 1 + (-45 - -1)?
-33
What is the value of -84370 + 84345 - (-34 + 1 + -1)?
9
Evaluate -5 + -2 + 8 + -2 + (12 - 7 - 6).
-2
What is the value of -86 + 162 + -49 + 39?
66
What is -2 - -3 - -7 - -67 - (115 - 100)?
60
Calculate -4 + 136 - (6 - (2 + 10)) - (53 - 56).
141
What is -30 + -1 - (103 + (233 - 313))?
-54
What is the value of (-11 - -12) + 20 + 0?
21
What is (-199 - -69) + 133 + 1 + 112?
116
Calculate -178 + 164 + -78 - (-38 - -2).
-56
What is -11 + (-12 - (25 + -18)) + (1 - 14) - -4?
-39
15 + (17 + -11 - 11) + (53 - 55)
8
Calculate (11 - 19 - 14) + -62.
-84
What is -4 - 2 - ((-10 - 1) + -636 + 639)?
2
What is (32 - (19 - 10)) + -13 + (2 - 45)?
-33
What is -49 + -5 - (-83 - -12)?
17
(-47 - 22) + (132 - 91)
-28
Calculate (-8 - -3) + 27 - 3 - (-26 + 66).
-21
What is the value of (45 - 122) + 2 - (3 - (-3 + -5)